 0 - -8a3086?
8a3086
In base 8, what is 3 - -2607566?
2607571
In base 3, what is -2 - 2111020210?
-2111020212
In base 11, what is 313758a - 0?
313758a
In base 9, what is -1336453 - 812?
-1337365
In base 15, what is -1b867e0 - 3?
-1b867e3
In base 16, what is 647db - 24?
647b7
In base 10, what is -1715733 - -20?
-1715713
In base 5, what is -1413033 - -10?
-1413023
In base 6, what is 1541414 - -430?
1542244
In base 4, what is 3 + 222020330300?
222020330303
In base 2, what is 1100000101 - 1001101100?
10011001
In base 10, what is -6 + -18219252?
-18219258
In base 8, what is -155405032 - 66?
-155405120
In base 2, what is 10100101 + -101000010111110101?
-101000010101010000
In base 2, what is -1001 - 11111100111010010111?
-11111100111010100000
In base 2, what is -100001110101000000 - -100110110?
-100001110000001010
In base 3, what is 12101210212 - 111201?
12101022011
In base 5, what is 4 + 1132140324?
1132140333
In base 11, what is 312 - 19209?
-189a7
In base 5, what is 1441202 - -102231?
2043433
In base 14, what is c192a + 23?
c194d
In base 2, what is -1000000 - 100100001100101?
-100100010100101
In base 4, what is -1102332223030 - -2?
-1102332223022
In base 15, what is 3 + -ba82d3c?
-ba82d39
In base 8, what is 1335137016 + 4?
1335137022
In base 16, what is -4c + 4ea9de?
4ea992
In base 3, what is 211222011011111 - -2?
211222011011120
In base 12, what is -3 - -63ab01?
63aaba
In base 10, what is -2703523 + -88?
-2703611
In base 6, what is -2300 + -15105515?
-15112215
In base 8, what is 37453055 - -5?
37453062
In base 6, what is -124014 - -5045?
-114525
In base 15, what is 4cb632 - 7?
4cb62a
In base 14, what is -1 + 8997d?
8997c
In base 9, what is -22 - 13317356?
-13317378
In base 3, what is 121222010 - -122220?
122122000
In base 16, what is 3383 + 182b?
4bae
In base 11, what is 9 - -9a52a0?
9a52a9
In base 2, what is 101100001101011 + -11010100?
101011110010111
In base 3, what is 2010 + -221120202020?
-221120200010
In base 11, what is 1365960 - 2?
1365959
In base 16, what is 1e09b + -20?
1e07b
In base 6, what is 122212342 - -102?
122212444
In base 11, what is 36a9793 - -4?
36a9797
In base 11, what is -2264 + 270?
-1aa4
In base 5, what is -12 + -33003424?
-33003441
In base 4, what is -10031310 + 11131?
-10020113
In base 2, what is 100 - -1000101101101100100000?
1000101101101100100100
In base 11, what is 0 - 18221a6?
-18221a6
In base 9, what is 16257 - 705?
15452
In base 3, what is 22111 + -1002122011222?
-1002121212111
In base 15, what is -946e16e + -3?
-946e172
In base 9, what is -4800263 - -3?
-4800260
In base 11, what is -3857602 - 2?
-3857604
In base 14, what is -72d - -1a41?
1312
In base 8, what is 2 - 5622372?
-5622370
In base 6, what is -13 - -2052355241?
2052355224
In base 5, what is 33300 - -140114?
223414
In base 8, what is 5 - 161516325?
-161516320
In base 16, what is -26 - 155774?
-15579a
In base 9, what is -5463313 - 32?
-5463345
In base 14, what is b9d3 - -6d?
ba62
In base 2, what is -1 - 10000100101111100001010001?
-10000100101111100001010010
In base 4, what is -1 + 10332202331132?
10332202331131
In base 7, what is 4335121 - 33?
4335055
In base 6, what is -504053 + -204042?
-1112135
In base 6, what is 34320130 - -2024?
34322154
In base 15, what is -1041 + 133?
-e0d
In base 3, what is -2220201101000121110 - 10?
-2220201101000121120
In base 15, what is -20391 - -42?
-2034e
In base 6, what is 22 - -43041550?
43042012
In base 7, what is 2010500 - 2?
2010465
In base 11, what is -1870 - 41490?
-43250
In base 16, what is 11c51 + -135?
11b1c
In base 13, what is -3 - -151119c?
1511199
In base 7, what is 1026061 - 2?
1026056
In base 12, what is 43635 - -52?
43687
In base 8, what is -1361 + 1066?
-273
In base 11, what is -681303 + 0?
-681303
In base 6, what is -15 + -451020522?
-451020541
In base 4, what is 101 + 120030022313?
120030023020
In base 8, what is -754045 + -7?
-754054
In base 3, what is 100121002211211222 + 10?
100121002211212002
In base 13, what is 0 + c27340?
c27340
In base 10, what is -382 + -93675?
-94057
In base 2, what is -100011 + -100010100010101010?
-100010100011001101
In base 10, what is -36857 - 380?
-37237
In base 7, what is -1244516133 + 41?
-1244516062
In base 5, what is 300 - -2013300?
2014100
In base 3, what is -1221200212112111 - -2?
-1221200212112102
In base 4, what is -3 + 1203322320032?
1203322320023
In base 9, what is -101 - -271876?
271775
In base 7, what is 10041252 - -36?
10041321
In base 15, what is -2 + 3a682e?
3a682c
In base 4, what is -23020 + -1321130?
-2010210
In base 7, what is -1104325 + -323?
-1104651
In base 12, what is -31a + 2b58?
283a
In base 4, what is -12 + 11030003021?
11030003003
In base 8, what is -104205300 + -27?
-104205327
In base 10, what is -2560 + -2895?
-5455
In base 11, what is -1aa172 - 83?
-1aa245
In base 8, what is 417 + -263355?
-262736
In base 8, what is 4 + -2214454?
-2214450
In base 10, what is -138500866 + 1?
-138500865
In base 8, what is 56 - 1117640?
-1117562
In base 10, what is -1616672 - -33?
-1616639
In base 11, what is 4557 - 7779?
-3222
In base 6, what is 0 - -1233430352?
1233430352
In base 11, what is -232 - 1439?
-1670
In base 2, what is 0 + -100101001101111010110000?
-100101001101111010110000
In base 4, what is -1201010 - 3012?
-1210022
In base 3, what is 2000121021200 - 101212?
2000120212211
In base 11, what is 212613 - -4a0?
213003
In base 9, what is -2 - 32756482?
-32756484
In base 15, what is -3c - 1157c2?
-11580e
In base 10, what is 475203 - 5?
475198
In base 7, what is -10000463 + -1?
-10000464
In base 9, what is -755 - -23542?
22676
In base 13, what is 1001 - 30823?
-2c822
In base 6, what is -115410242 + -22?
-115410304
In base 6, what is -51404425 + 11?
-51404414
In base 15, what is 2d7e + 184?
3013
In base 2, what is -111000000111101101 - 11111?
-111000001000001100
In base 7, what is -6601 + 43352?
33451
In base 4, what is -2100 + 133203202?
133201102
In base 14, what is -74c2d74 + -a?
-74c2d80
In base 9, what is -46145477 + -13?
-46145501
In base 16, what is -6975fb + -5?
-697600
In base 5, what is -404004032 - 102?
-404004134
In base 10, what is -815 + -3063?
-3878
In base 8, what is -3643 - 175?
-4040
In base 16, what is 95ca98 - -4?
95ca9c
In base 16, what is -37 + 1b2878?
1b2841
In base 5, what is -41 - -2041310?
2041214
In base 10, what is -41 + -62849?
-62890
In base 12, what is -156 + 5428a?
54134
In base 10, what is 1 + -1746276?
-1746275
In base 15, what is db - 2a896?
-2a7aa
In base 7, what is -2043443200 - -4?
-2043443163
In base 5, what is 124041214 + -1422?
124034242
In base 7, what is 5 + 251404612?
251404620
In base 15, what is 1d577 - -462?
1d9d9
In base 16, what is 52 + 47b26f?
47b2c1
In base 14, what is 402 - -46a9?
4aab
In base 11, what is -531 - 1150680?
-1151101
In base 9, what is -1 + 83323747?
83323746
In base 11, what is -10925 + 2670?
-9265
In base 2, what is -101011110 + -1010000111001?
-1010110010111
In base 8, what is 25400 + -125?
25253
In base 2, what is 110100000001110 + 111011001011?
111011011011001
In base 15, what is 7bba15 + 2?
7bba17
In base 5, what is 2311112 - -13330?
2324442
In base 10, what is 3 - -5284660?
5284663
In base 6, what is 105 + 22053452?
22054001
In base 13, what is -4 - -731c24?
731c20
In base 9, what is 23255184 + -4?
23255180
In base 6, what is -353023031 + -1?
-353023032
In base 9, what is -37 + 42276?
42238
In base 11, what is -7334 - -1a466?
13132
In base 6, what is 22153535334 + -4?
22153535330
In base 9, what is -3635 + 88618?
84873
In base 13, what is 5 - -2a3bc1?
2a3bc6
In base 11, what is -1208 + -2a2a?
-4137
In base 16, what is -2 + 131bc9e?
131bc9c
In base 10, what is 3 - 148162749?
-148162746
In base 15, what is 37 + -53576?
-5353e
In base 3, what is -20010020112 + 21021?
-20002222021
In base 8, what is -16 - -54133?
54115
In base 6, what is 435024425 - 1?
435024424
In base 3, what is -222020210 + -1110?
-222022020
In base 4, what is -312021311 + -2?
-312021313
In base 5, what is 1 + -420104022200?
-420104022144
In base 10, what is 110875 - 28?
110847
In base 4, what is -2 - -2103223013003?
2103223013001
In base 7, what is 2063105355 + -2?
2063105353
In base 16, what is 3 - 5c4dced?
-5c4dcea
In base 6, what is -435204005 + 1?
-435204004
In base 2, what is 1110001011101101 + -10010101?
11100010